t is n(k)?
14
Let p(o) be the second derivative of 27*o - 4/3*o**3 - 11/2*o**2 + 0. Let v be p(-2). Let c(l) = -l**2 + 7*l - 3. Determine c(v).
7
Suppose 2*c + 4 = 3*o, 2*o + 67 = -11064*c + 11059*c. Let u(k) = -5*k**2 - 57*k - 17. Determine u(c).
5
Let s(f) = -18*f + 3*f + 3*f + 3 - 8*f + 10. Determine s(1).
-7
Let y(k) = -19*k + 9*k**2 - 3*k**3 + 2*k**3 + 15155 - 15139. What is y(6)?
10
Let a(z) be the third derivative of z**6/30 - z**5/15 - z**4/8 - 2749*z**2. Give a(-1).
-5
Let r = 68 - 182. Let k be r/(-57) - (0/(-2) + 0). Let v(n) = n**3 + 3*n**2 - n + 1. Determine v(k).
19
Let s(w) = -w**2 + 7*w. Let l be 3*((-15)/8 - ((-630)/(-48) + -13)). Let z(n) = n**2 + 2*n - 2*n + 4*n - 5. Let k be z(l). Determine s(k).
0
Let i(f) = 2*f**3 - 3*f**2 + 2*f - 1. Let r be 276/368 + 5/4. Let b = 5 + 1. Suppose -2*c = g - 2, r*g - 4*g - b = -c. Give i(c).
7
Let g(x) = -2*x**2 - 360*x - 8. Let r(l) = l**2 + 167*l + 4. Let y(s) = -6*g(s) - 13*r(s). Calculate y(-12).
-16
Suppose 14*o + 12*o + 26 = 0. Let l(v) = v**2 + v + 1. Let a(b) = -4*b - 1. Let m(s) = o*a(s) - l(s). Let y be 0 + (-1)/((-1)/4). Determine m(y).
-4
Let j(q) = -13*q**3 + 28*q**2 - 33*q - 41. Suppose 4*b = -23 + 43. Let u(d) = -8*d**3 + 19*d**2 - 22*d - 27. Let g(s) = b*j(s) - 8*u(s). Calculate g(-13).
37
Suppose 0 = 6*h - 4*h - 16. Let r = -212 + 221. Let s(n) = 5 - r*n - 12*n + 30*n - 11*n. Determine s(h).
-11
Let b(g) = 3*g**3 - 6*g**2 - 2. Let q(p) = p**3 + p**2 + 1. Let y(x) = b(x) - 4*q(x). Let z be 136/(-14) - (-21 + (-22)/((-2310)/2235)). Calculate y(z).
-6
Let j(l) be the first derivative of -l**3/3 - 3*l**2 + l + 28. Suppose -18 - 10 = -4*x. Suppose 0*w + 49 = -x*w. Calculate j(w).
-6
Let g(m) = -m**3 - 9*m**2 + 650 - 1292 + 640 + 10*m. What is g(-10)?
-2
Let t = -294 + 311. Let a(b) = -2*b + t + b + 4 - 24. Let o = 1 - 1. Give a(o).
-3
Let z = 6 + -3. Suppose -z*p + 5 = h - 8, -2*p = -5*h + 14. Suppose p - 11 = -2*v. Let d(s) = s**3 - 2*s**2 - 4*s - 4. Determine d(v).
12
Suppose 2*d + 3*d + 20 = 0. Let i(c) = 685*c**3 - 90*c**2 - 37*c + 71. Let f(t) = 37*t**3 - 5*t**2 - 2*t + 4. Let u(j) = -37*f(j) + 2*i(j). What is u(d)?
10
Let f(n) be the third derivative of -n**5/60 + 5*n**4/24 + 103*n**3/6 + 1176*n**2 + 2*n. Give f(-9).
-23
Let h(d) = -d**3 + 48*d**2 - 92*d + 5. Let c be h(46). Let z(j) = -6 + c*j + 8 + 5 - 14 - 18. Calculate z(6).
5
Suppose 14 = -5*z - 1. Let w(a) be the first derivative of a**4/4 + 5*a**3/3 - 3*a**2/2 - 4*a + 13273. What is w(z)?
23
Suppose -5 = -5*p + 45. Let o(j) be the first derivative of 4*j - 1/2*j**2 - 86. Give o(p).
-6
Let q be (-364)/(-273)*(0 - (-33)/(-2)). Let u(l) = -l**3 - 22*l**2 - l - 15. Calculate u(q).
7
Let i be ((486/63)/(-9))/(4/(-14)). Suppose -u + 1 = 4*p + 16, 0 = -i*u - 5*p - 17. Let f(n) = 4*n**2 + n - 2. Determine f(u).
3
Let a(r) = -r**3 - 4*r**2 + 9*r + 6. Suppose 0 = z - m + 7, -5*m = m - 18. Calculate a(z).
-30
Let s = 0 - 0. Let l(x) be the third derivative of x**5/60 - x**4/24 + 25*x**3/6 + 2*x**2 - 9707*x - 2. Give l(s).
25
Let k(s) = s**2 + 5*s + 5. Let v be 6 + 3/(0 - 3). Let b be (230/v - -8)*(-4)/(-6). Let i = b + -42. Determine k(i).
11
Let n(k) = k**3 + 6*k**2 - 21*k + 15. Suppose 0 = 2*x - 2*g + 12, -443*g - 24 = 2*x - 441*g. Calculate n(x).
-39
Let n(s) = -s**3 + 36*s**2 - 70*s + 67. Suppose -127 = -3*k - 5*c, 0 = -3*k - 15*c + 17*c + 92. Give n(k).
-1
Let u(p) = 215*p**2 - 107*p**2 - 147 - 8*p - 107*p**2. What is u(17)?
6
Let q(r) = -5*r**3 - r**2 + 4*r - 6. Let b(g) = 3*g**3 + g**2 - 2*g + 6. Let a(d) = -3*b(d) - 2*q(d). Determine a(-3).
-36
Let s(b) = -34*b - 10. Let m(t) = -13*t + 3. Let p(o) = 37*o - 8. Let a(j) = 8*m(j) + 3*p(j). Let y(x) = 5*a(x) + s(x). What is y(14)?
4
Suppose 0 = 4*u + 5*w - 58, 127*u - w + 26 = 129*u. Let r(j) = -2*j**3 + 24*j**2 + 2*j - 9. Give r(u).
15
Let i(u) = u - 36. Let w be i(33). Let z = -21 + 37. Let s be (8/z)/(w/6). Let d(f) = -f**3 + 2*f + 1. Determine d(s).
0
Let j(y) = -y**2 - 10*y + 1. Let i be j(-10). Let d(a) = -9*a - 2. Let u(n) = 23*n + 6. Let l(t) = -5*d(t) - 2*u(t). Determine l(i).
-3
Let n(p) be the third derivative of -33*p**2 + 0*p + 0 - 1/24*p**4 + 1/2*p**3. Determine n(2).
1
Let v(a) be the second derivative of -a**5/20 + 2*a**4/3 - a**3 - 11*a**2/2 + 1533*a. What is v(7)?
-4
Let q(k) = -5*k**2 - 14*k - 12. Let h(x) = 12*x**2 + 29*x + 22. Let t(o) = -4*h(o) - 9*q(o). What is t(5)?
-5
Let s(j) = -j**3 + 4*j**2 - 2*j. Let r = 163 + -153. Suppose 0*h - 3*h - 4*v + 35 = 0, -v = h - r. What is s(h)?
-35
Let j(k) = 464*k - 3702. Let m be j(8). Let y(b) = b**3 - 7*b**2 - 31*b + 3. Calculate y(m).
-7
Let m be (2 + -11)/3 - (-1*27 + 1). Let g(b) be the first derivative of -3/2*b**2 - 1/4*b**4 - 2*b + m - 4/3*b**3. Calculate g(-3).
-2
Let t(v) be the first derivative of -v**4/4 + 4*v**3/3 + 13*v**2/2 + 1626. Calculate t(6).
6
Let x(j) = -7*j**2 - 22*j + 83. Let a(p) = -3*p**2 - 11*p + 41. Let v(b) = -9*a(b) + 4*x(b). Let u(g) be the first derivative of v(g). Determine u(10).
-9
Let q = -8031 + 8050. Let n(o) = o**2 - 20*o + 57. Determine n(q).
38
Let r(q) = -9*q**3 - q**2 - 2*q - 1. Let s be r(-1). Let f(z) be the third derivative of z**4/24 - 2*z**3/3 - 44*z**2 - z - 6. Give f(s).
5
Let p(f) = 8*f**2 - 66*f + 78. Let j be p(7). Let s(a) = 3*a**2 - 20*a + 6. What is s(j)?
38
Suppose 2*f - 7*f = -10. Let q(h) = 7 - 18 + f*h - h - 3*h. Determine q(-10).
9
Let k(r) be the second derivative of -r**6/360 - r**5/20 - r**4/24 - r**3/3 - 41*r**2/2 + 2*r + 2. Let l(b) be the second derivative of k(b). What is l(-4)?
7
Suppose 3*i + 24 = 4*y, 2*i + 3 - 1 = -2*y. Let u be (1*11/1)/1. Let d(f) = 0*f**2 + 1 + 0*f + 12*f**2 - 2*f - u*f**2. What is d(y)?
4
Suppose 18*g = 720 - 108. Let f(t) = 25*t - 95*t + g*t + 13 + 35*t - t**3 - t**2. What is f(0)?
13
Suppose -49*g - 78 = -2*d - 44*g, g + 117 = 3*d. Let t(z) be the second derivative of 0 - 1/20*z**5 - 1/6*z**4 - d*z - 1/2*z**2 - 1/3*z**3. Give t(-3).
14
Suppose 90 = 17*w + 5. Let u(j) = w + 4 + 8 + j + 14 - 32. Determine u(-1).
-2
Let j(p) = -2*p. Let f be (4/5)/((-22)/165). Let g be (-8)/(((-51)/34)/(f/(-8))). Calculate j(g).
-8
Let r(y) = 1571*y - 40 + 22 - y**2 - 1561*y. Calculate r(9).
-9
Let h(l) = -321*l - 2*l**2 + 324*l + 0*l**3 + l**3 + 0*l**2. Suppose 18 = r - 4*t, 5*r + 15 = -2*t + t. Let f be (-1 - 0)*(-4 - r). Determine h(f).
6
Let n be -26 + (-6888)/(-231) + (-2)/(-11). Let b(r) = 6*r**2 - 24*r + 11. Determine b(n).
11
Let y(m) = -3 - 23*m + 0*m**2 + 38 + 41*m + m**2 - 43*m. What is y(24)?
11
Suppose -70 = 2*l - 12*l. Let i(s) = -2*s**2 + 2*s + l*s + 7 + 14*s - 20*s. Give i(4).
-13
Let w(h) be the second derivative of -h**6/120 + 7*h**5/60 - h**4/2 + 5*h**3/6 + 122*h**2 + 273*h. Let p(x) be the first derivative of w(x). Calculate p(5).
-5
Let z(l) = -l**3 + 6*l**2 - l + 8. Suppose 2*d = -5*m + 20, -5*d + 5*m = 7*m - 8. Suppose d = 13*c + 20*c - 198. Determine z(c).
2
Let n(t) = 3*t + 4. Let k = -21 + 26. Suppose -5*c = -u - 15, -u + k*u = 20. Let g(q) = -q**2 + 5*q - 8. Let s be g(c). Calculate n(s).
-8
Let l(n) = -n**3 - n**2 + 6. Suppose -12 = 3*i + 349*v - 346*v, -2*i = 4*v + 10. What is l(i)?
24
Let x(r) be the second derivative of r**6/720 + r**5/40 - r**4/12 + r**3/2 + 46*r. Let f(g) be the third derivative of x(g). Give f(4).
7
Let n = 52 + -48. Let i(g) = -14 + n*g + 10 + g**2 - 1. Calculate i(-5).
0
Let a = 66 + -59. Let u(g) = 1 + 3*g + 1 - 3 + a. Let i(h) = -2*h - 5. Let w(n) = 4*i(n) + 3*u(n). Calculate w(-7).
-9
Let b(o) = -53*o**2 - 2*o - 1. Let s(a) = a**2 + 331*a + 3211. Let x be s(-10). Give b(x).
-56
Let v(f) = -f**2 - 12*f + 1569. Let o be v(-46). Let k(h) = h**2 - 2*h - 6. Calculate k(o).
9
Let d(m) = 6142*m**2 + 4 - 11*m - m**3 - 3074*m**2 - 3075*m**2. Determine d(-5).
9
Suppose 0 = -4*b + b + 237. Suppose -3*d + 2*p = b, 27 = -d + p + 1. Let r = d + 36. Let s(j) = -j + 12. Determine s(r).
3
Let k(p) = -p**2 - 44*p - 185. Let q be k(-4). Let h = 59 - 29. Let s = h + q. Let n(i) = 2*i - 7. Give n(s).
3
Let x(s) be the third derivative of -1/6*s**3 - 5/24*s**4 + 59*s + 3*s**2 + 0. What is x(-3)?
14
Suppose -433*j = -437*j + 4*t + 108, 4*j = 3*t + 104. Let x(h) be the first derivative of h + j - 1/2*h**2. Calculate x(6).
-5
Suppose -5*p + c + 614 - 472 = 0, -4*p + c = -113. Let d(x) = -x**2 + 33*x - 